pose 5*j - 2*h = 2, 0 = -5*h - 13 + 33. Let b be 0 + j + 3/(-1). Let k be (-2)/(6/(2 - b)). Let g(l) = 14*l**3 - l. Determine g(k).
-13
Let s be (70/4)/(1/2). Suppose -6*r + 37 = -s. Let m(o) = -o + 0*o**2 + 2*o + o**2 - 2*o**3 + r*o**3. What is m(-1)?
-10
Let o(z) = 38*z + 14. Let b(q) = -24*q - 7. Let r(w) = -5*b(w) - 3*o(w). What is r(5)?
23
Let r be -6 - (5/(-15)*3 - 2). Let s(g) = -5*g - 24. Give s(r).
-9
Let t(w) = w**3 + 19*w**2 - 75*w - 23. Let o be t(-22). Suppose 56*h - 81*h - o = 0. Let l(d) = d**2 + 6*d - 7. Give l(h).
0
Let x(m) = 11 + 13*m - 37 + 5*m**2 - 6*m**2 + 0*m**2. Let r be x(9). Let t(n) = 8 + 6*n - 4*n - r. Calculate t(-2).
-6
Let l(f) = f + 1. Let b(u) = -26*u + 4. Let p be b(1). Let v(h) = -12*h - 8. Let q(j) = p*l(j) - 2*v(j). What is q(4)?
2
Let w(z) = 13*z**2 + 5 + 6*z - 45*z**2 + 28*z**2. What is w(5)?
-65
Let j(b) = 76 - 33*b + 98 + 1 + 83 - 28. What is j(7)?
-1
Suppose 20 = 13*l - 8*l. Suppose -4 = -4*u - l*k - 0, -4*k = u + 11. Let y(d) = -d**2 + 4*d - 3. Determine y(u).
-8
Let j(a) be the third derivative of -a**6/120 + 3*a**5/20 - 5*a**4/12 + 5*a**3/3 + 2*a**2. Let b be (-1020)/(-18) - 6/9. Suppose 16*k - b = 72. What is j(k)?
-6
Let f be 38/3*72/8. Suppose f = 4*j + 122. Let d(u) = 3*u**3 + 2*u + 1. Let a(c) = -7*c**3 + c**2 - 4*c - 1. Let t(g) = 2*a(g) + 5*d(g). Give t(j).
-1
Suppose -27*n - 336 = 309 - 132. Let c(f) = -f**3 - 18*f**2 + 20*f + 8. Determine c(n).
-11
Let u = 21 - 16. Let b(g) = g**3 - 6*g**2 + 11*g - 3. Let v be ((-5)/2)/(2/4). Let r(a) = -a**3 + 6*a**2 - 10*a + 2. Let i(w) = v*b(w) - 6*r(w). What is i(u)?
3
Let j(a) be the second derivative of 7*a**5/20 + a**4/4 - a**2/2 - 1218*a - 2. Determine j(2).
67
Let a(r) = -99*r**2 + 198*r**2 - 2 - 101*r**2. Let x(y) = 2*y**2 + 2. Let s(u) = 6*a(u) + 5*x(u). Suppose 0 = -4*g + 9 - 1. Give s(g).
-10
Let h(j) = 5*j**2 + 7*j - 10. Let k be (20/(-48)*-2)/(2/12). Let v(w) = -12*w**2 - 16*w + 20. Let d(i) = k*h(i) + 2*v(i). What is d(-7)?
18
Let p = 1053 - 1057. Let w be 10/(-35) - (p + 108/14). Let f(q) = -9*q - 9. Let y(b) = 5*b + 5. Let d(j) = 4*f(j) + 7*y(j). Determine d(w).
3
Let m(l) = 2*l**2 - 28*l - 1. Let x(o) = -2*o**2 + 24*o + 3. Let j(s) = 4*m(s) + 5*x(s). Determine j(-2).
-13
Let t be (10/(-9))/(86/774). Let k(o) be the second derivative of o**4/12 + 3*o**3/2 - 19*o**2/2 - 27*o. Determine k(t).
-9
Let c(s) = -s + 17. Let j(r) = -8*r + 84. Let u be j(7). Calculate c(u).
-11
Suppose -y = 9*u - 17, -4 - 1 = 5*y. Let b(q) = 13*q - 1. Calculate b(u).
25
Suppose 0 = -o + 5, u + 2*u - o - 166 = 0. Suppose -3*y - 228 = -7*y - q, y = 5*q + u. Let v(m) = -y*m - 46*m + 110*m - 6 + m**2. What is v(-8)?
2
Let i(h) = -h - 12. Let m be ((-168)/18 + 2)*(51 + -54). Determine i(m).
-34
Let k = 24 + -20. Suppose k*v - 2*v = 4. Let x(t) = -t**3 + t**2 - 1. What is x(v)?
-5
Let d be -4*(-17)/(-85)*(1 - -4). Let m(w) be the first derivative of 0*w - 1/3*w**3 - 5 - 5/2*w**2. Calculate m(d).
4
Suppose -40*l + 8 - 27 + 3 = -16. Let m(u) = 4*u + u - 48 - 6*u. Give m(l).
-48
Suppose -3*p - 5*p + 40 = 0. Suppose -p*v - 32 = -27. Let k(z) be the second derivative of z**4/12 + 8*z. Give k(v).
1
Let o(d) = -2*d - 1. Let f(x) be the second derivative of -x**4/12 + x**3/2 + 15*x**2/2 + x. Let m be (4*(-18)/(-60))/((-6)/(-30)). Let v be f(m). What is o(v)?
5
Let f(y) = 25*y**2 + y - 2. Let h be ((-174)/(-145))/(3/20) + -4 + -3. What is f(h)?
24
Let t = 670 + -664. Let m(o) = 9*o**2 - o - 21. Let c(h) = -5*h**2 + 11. Let l(y) = -7*c(y) - 4*m(y). Determine l(t).
-5
Suppose 198*g + 252 = 124*g + 158*g. Let u(i) = -i + 3. Let s(o) = 2*o - 7. Let a(d) = 4*s(d) + 7*u(d). Calculate a(g).
-4
Let h = -175 - -570. Suppose 0 = -392*g + h*g - 21. Let a(z) = -2*z + 16. Determine a(g).
2
Let w(n) be the second derivative of n**4/3 + 2*n**3/3 - 3*n**2/2 - 2367*n. Determine w(2).
21
Let d(z) be the first derivative of 9*z**2/2 - 163*z - 5377. Calculate d(17).
-10
Let l be 1*129*(-50)/(-150). Let h = l - 36. Let z(n) = n**2 - 6*n - 1. Give z(h).
6
Let i(x) = 3*x - 4*x - 4 + 4*x. Let p(t) = 8*t - 45. Let c be p(6). Suppose 3*h = -5*z - 37, 5*h + c + 27 = -2*z. What is i(h)?
-16
Let x(h) be the third derivative of 66*h**2 + 0*h + 1/3*h**3 - 1/60*h**5 - 5/24*h**4 + 0. Calculate x(-4).
6
Let f(a) = a + 7. Suppose -943 = 5*m + 3242. Let d = m - -830. Calculate f(d).
0
Let f(h) = h**3 + 11*h**2 + 27*h + 2. Suppose 425 = -3*c + 5*s + 406, -6 = -3*s. What is f(c)?
-7
Let l be (-7 - -9) + 1 + 2. Let y(a) = a**3 - 5*a**2 + 3*a - 2. What is y(l)?
13
Let f(b) be the second derivative of -b**7/840 - b**6/72 + b**5/20 - b**4/8 - b**3/3 - 23*b**2 - 321*b. Let z(m) be the second derivative of f(m). Give z(-6).
-3
Let c(k) = 8*k - 1. Suppose -2*q - 2 = 6. Let i(d) = -d + 1 + 5*d - 8*d - 5*d + 2*d. Let v(l) = q*c(l) - 5*i(l). Give v(-4).
-13
Let s = 68 - 65. Let v(q) = 3 - 5 + s - q + 2*q. Suppose 5*l - 4*l = 1. Calculate v(l).
2
Let g(r) = 6*r + 1. Let p(v) = 13*v + 2. Let c(o) = 9*g(o) - 4*p(o). Let b = 525 + -511. Let a be -2*(-8 - b/(-4)). Determine c(a).
19
Let m(z) = -18*z - 22*z - 4 - 25*z + 81*z - 25*z. Determine m(3).
-31
Let y(o) be the first derivative of -3*o**2 - 240*o + 1013. Calculate y(-40).
0
Let v(r) = r**2 - 4*r + 2. Let l be v(4). Let t(j) = 3*j - 14 + 18 - j - 6*j - j**l. Let d(o) = -o**3 - 7*o**2 - 6*o - 4. Let u be d(-6). Give t(u).
4
Let t(f) = 181*f + 196. Let g be t(-1). Let d(w) = 3*w**2 - 42*w - 29. Give d(g).
16
Let y(k) = k**3 - 11*k**2 + 17*k. Let x = 4287 - 4278. Calculate y(x).
-9
Suppose -239*b + 4 = -237*b. Let r(l) = 28*l - 58. Let c be r(b). Let w(s) = s**3 + 5*s**2 + 3*s. Give w(c).
6
Let d(b) = 25 + 189 + 34*b + 11*b + 5*b. Calculate d(-4).
14
Let h(t) = -t**3 - 15*t**2 + 16*t - 12. Let b = 9809 + -9825. What is h(b)?
-12
Suppose -41 = 2*n - 3*m, -8*n - 22 = -7*n - m. Let o(d) = -7*d - 179. Let y be o(n). Let c(l) = -l - 13. Determine c(y).
-9
Let r(l) be the third derivative of l**8/10080 - l**7/840 - l**6/360 + 113*l**5/30 + 104*l**2. Let x(f) be the third derivative of r(f). What is x(7)?
54
Let h(y) be the third derivative of 171*y**2 - 1/60*y**5 + 0*y + 1/24*y**4 + 0 - 1/2*y**3. Calculate h(-2).
-9
Let p(z) = 7*z**3 + z**2 + z + 1. Let a be 531/(-6)*20/45*3. Let n = -94 - a. Let s be 4/(-3) + 8/n. Give p(s).
-6
Let b(j) = -63*j**2 + 197*j**2 - 68*j**2 - 3*j**3 + 4*j + 15 - 70*j**2. Give b(-2).
15
Let q(u) = 98*u - 1772. Let x be q(18). Let t(b) = -27*b - 219. What is t(x)?
-3
Suppose 18537 - 18262 = 25*v. Let y(d) = -d + 58. Calculate y(v).
47
Let f(x) = -1138*x + 5 + 284*x - x**2 + 291*x + 284*x + 285*x. What is f(8)?
-11
Let a(g) = 5*g**3 - 8*g**2 + 13*g - 40. Let h(v) = 2*v**3 + 2*v**2 - 1. Let z(c) = -a(c) + 3*h(c). Determine z(-15).
7
Let a(f) be the first derivative of -13*f**4/2 - f**2 - f - 273. Determine a(-1).
27
Let y(p) = 2*p**2 - 27*p + 21. Let t(b) = -b**2 + 21*b - 20. Let k(f) = -3*t(f) - 2*y(f). Give k(-10).
8
Suppose -3*i + 9 = -4*h, 0 = -5*h - 3*i - 15 - 30. Let l = 583 + -578. Let g(j) = l*j - 13 + 7 + 12 - 17*j + 15*j. What is g(h)?
-12
Suppose -4*q - 315 = q. Let w = q + 61. Let o(l) = -l**2 - l + 1. Let c(h) = -10*h**2 - 5*h + 8. Let j(r) = -c(r) + 6*o(r). Calculate j(w).
16
Suppose 0 = 33*g - 22*g + 66. Let k = 10 + g. Let s(y) = -2*y + 5. Determine s(k).
-3
Let a(y) = -9*y**2 + 4*y - 2. Let t = -303 - -305. Calculate a(t).
-30
Let t(x) = 3*x - 8. Let s be t(5). Let g(m) = -9 - 6 + 3*m**2 + s*m + 5*m - 3*m - 4*m**2. Give g(7).
-1
Let d(h) = 2*h**3 + 115 + 19*h**2 + 112 - 62*h - 291 + 54*h**2 - 15*h**2. What is d(-30)?
-4
Let c(y) = -7*y**2 + 4*y + 11*y**2 - 2 - 3. Let a = -2977 - -2979. Determine c(a).
19
Let j(t) = -6080 + 6119 - 8*t**2 + 6*t**2 - 5*t. Determine j(7).
-94
Let m(l) be the second derivative of 0*l**3 + 28*l + 1/6*l**4 + 0*l**2 - 2. Give m(-1).
2
Let f be 14/(-21) + 16/6. Let d(b) = 3*b + f*b**3 - 5 + 2*b**2 - 6*b**2 + 3. Suppose -4*t - 4 = 4*i, -i + 12 + 2 = -4*t. Give d(i).
4
Let p(k) be the first derivative of k**5/30 - k**4/4 - k**3/3 - 28*k**2 - 30. Let y(u) be the second derivative of p(u). What is y(5)?
18
Let d(a) = 23*a + 15*a + 3 - 36*a - 1. Calculate d(-16).
-30
Let u(t) = 3 - 6311*t - 6319*t + 12642*t + 2*t**2. What is u(-9)?
57
Let z(u) = -u**2 + 13*u + 57. Let o(a) = 3*a**2 - 25*a - 114. Let c(g) = 2*o(g) + 5*z(